{"id":14771,"date":"2024-09-26T13:23:14","date_gmt":"2024-09-26T11:23:14","guid":{"rendered":"https:\/\/anpej.sn\/acceuil\/?page_id=14771"},"modified":"2024-10-29T11:36:39","modified_gmt":"2024-10-29T10:36:39","slug":"galerie","status":"publish","type":"page","link":"https:\/\/anpej.sn\/accueil\/galerie\/","title":{"rendered":"Galerie"},"content":{"rendered":"\t\t<div data-elementor-type=\"wp-page\" data-elementor-id=\"14771\" class=\"elementor elementor-14771\">\n\t\t\t\t<div class=\"elementor-element elementor-element-53ffa48 e-flex e-con-boxed e-con e-parent\" data-id=\"53ffa48\" data-element_type=\"container\">\n\t\t\t\t\t<div class=\"e-con-inner\">\n\t\t\t\t<div class=\"elementor-element elementor-element-2653aa2 elementor-widget elementor-widget-gva-posts\" data-id=\"2653aa2\" data-element_type=\"widget\" data-widget_type=\"gva-posts.default\">\n\t\t\t\t<div class=\"elementor-widget-container\">\n\t\t\t\t\t<div class=\"gva-element-gva-posts gva-element\">  \r\n  <div class=\"gva-posts-grid clearfix gva-posts\">\r\n\t\t<div class=\"gva-content-items\"> \r\n\t\t  <div class=\"lg-block-grid-4 md-block-grid-3 sm-block-grid-2 xs-block-grid-1 xx-block-grid-1\">\r\n\t\t\t <div class=\"item-columns\">\r\n   <article class=\"post post-one__single post-17648 type-post status-publish format-standard has-post-thumbnail hentry category-actualite\">\r\n      <div class=\"post-one__thumbnail\"><a href=\"https:\/\/anpej.sn\/accueil\/semaine-nationale-de-la-jeunesse-2026-lantenne-regionale-de-thies-au-coeur-de-laccompagnement-des-jeunes\/\"><img fetchpriority=\"high\" decoding=\"async\" width=\"550\" height=\"580\" src=\"https:\/\/anpej.sn\/accueil\/wp-content\/uploads\/2026\/04\/sjthies-550x580.jpg\" class=\"attachment-consilox_medium size-consilox_medium wp-post-image\" alt=\"Semaine nationale de la jeunesse 2026 : L\u2019Antenne r\u00e9gionale de Thi\u00e8s au c\u0153ur de l\u2019accompagnement des jeunes\" \/><\/a><div class=\"post-one__entry-date\"><span class=\"date\">08<\/span><span class=\"month\">Avr<\/span><\/div><\/div>       \r\n      <div class=\"post-one__content has-thumbnail\">\r\n         <div class=\"post-one__content-inner\">\r\n            <h3 class=\"post-one__title\"><a href=\"https:\/\/anpej.sn\/accueil\/semaine-nationale-de-la-jeunesse-2026-lantenne-regionale-de-thies-au-coeur-de-laccompagnement-des-jeunes\/\" rel=\"bookmark\">Semaine nationale de la jeunesse 2026 : L\u2019Antenne r\u00e9gionale de Thi\u00e8s au c\u0153ur de l\u2019accompagnement des jeunes<\/a><\/h3>\r\n            <div class=\"post-one__meta\">\r\n               <div class=\"clearfix meta-inline post-meta-1\"><span class=\"author vcard\"><i class=\"fas fa-user-circle\"><\/i>admin<\/span><\/div>            <\/div> \r\n         <\/div>\r\n      <\/div>\r\n   <\/article>   \r\n\r\n  <\/div><div class=\"item-columns\">\r\n   <article class=\"post post-one__single post-17639 type-post status-publish format-standard has-post-thumbnail hentry category-actualite\">\r\n      <div class=\"post-one__thumbnail\"><a href=\"https:\/\/anpej.sn\/accueil\/session-de-formation-en-techniques-de-recherche-demploi-au-profit-de-jeunes-incubes-a-libms\/\"><img decoding=\"async\" width=\"550\" height=\"576\" src=\"https:\/\/anpej.sn\/accueil\/wp-content\/uploads\/2026\/03\/ibms-thies-550x576.jpg\" class=\"attachment-consilox_medium size-consilox_medium wp-post-image\" alt=\"Session de formation en Techniques de Recherche d\u2019Emploi au profit de jeunes incub\u00e9s \u00e0 l\u2019IBMS\" \/><\/a><div class=\"post-one__entry-date\"><span class=\"date\">18<\/span><span class=\"month\">Mar<\/span><\/div><\/div>       \r\n      <div class=\"post-one__content has-thumbnail\">\r\n         <div class=\"post-one__content-inner\">\r\n            <h3 class=\"post-one__title\"><a href=\"https:\/\/anpej.sn\/accueil\/session-de-formation-en-techniques-de-recherche-demploi-au-profit-de-jeunes-incubes-a-libms\/\" rel=\"bookmark\">Session de formation en Techniques de Recherche d\u2019Emploi au profit de jeunes incub\u00e9s \u00e0 l\u2019IBMS<\/a><\/h3>\r\n            <div class=\"post-one__meta\">\r\n               <div class=\"clearfix meta-inline post-meta-1\"><span class=\"author vcard\"><i class=\"fas fa-user-circle\"><\/i>admin<\/span><\/div>            <\/div> \r\n         <\/div>\r\n      <\/div>\r\n   <\/article>   \r\n\r\n  <\/div><div class=\"item-columns\">\r\n   <article class=\"post post-one__single post-17636 type-post status-publish format-standard has-post-thumbnail hentry category-actualite\">\r\n      <div class=\"post-one__thumbnail\"><a href=\"https:\/\/anpej.sn\/accueil\/participation-de-lanpej-a-une-session-organisee-par-loim-au-profit-des-migrants-de-retour-a-thies\/\"><img decoding=\"async\" width=\"550\" height=\"580\" src=\"https:\/\/anpej.sn\/accueil\/wp-content\/uploads\/2026\/03\/oim-thies-550x580.jpg\" class=\"attachment-consilox_medium size-consilox_medium wp-post-image\" alt=\"Participation de l\u2019ANPEJ \u00e0 une session organis\u00e9e par l\u2019OIM au profit des migrants de retour \u00e0 Thi\u00e8s\" \/><\/a><div class=\"post-one__entry-date\"><span class=\"date\">18<\/span><span class=\"month\">Mar<\/span><\/div><\/div>       \r\n      <div class=\"post-one__content has-thumbnail\">\r\n         <div class=\"post-one__content-inner\">\r\n            <h3 class=\"post-one__title\"><a href=\"https:\/\/anpej.sn\/accueil\/participation-de-lanpej-a-une-session-organisee-par-loim-au-profit-des-migrants-de-retour-a-thies\/\" rel=\"bookmark\">Participation de l\u2019ANPEJ \u00e0 une session organis\u00e9e par l\u2019OIM au profit des migrants de retour \u00e0 Thi\u00e8s<\/a><\/h3>\r\n            <div class=\"post-one__meta\">\r\n               <div class=\"clearfix meta-inline post-meta-1\"><span class=\"author vcard\"><i class=\"fas fa-user-circle\"><\/i>admin<\/span><\/div>            <\/div> \r\n         <\/div>\r\n      <\/div>\r\n   <\/article>   \r\n\r\n  <\/div><div class=\"item-columns\">\r\n   <article class=\"post post-one__single post-17633 type-post status-publish format-standard has-post-thumbnail hentry category-actualite\">\r\n      <div class=\"post-one__thumbnail\"><a href=\"https:\/\/anpej.sn\/accueil\/renforcement-des-competences-entrepreneuriales-20-jeunes-formes-au-business-plan-a-thies\/\"><img loading=\"lazy\" decoding=\"async\" width=\"550\" height=\"580\" src=\"https:\/\/anpej.sn\/accueil\/wp-content\/uploads\/2026\/03\/skills-thies-550x580.jpg\" class=\"attachment-consilox_medium size-consilox_medium wp-post-image\" alt=\"Renforcement des comp\u00e9tences entrepreneuriales : 20 jeunes form\u00e9s au business plan \u00e0 Thi\u00e8s\" \/><\/a><div class=\"post-one__entry-date\"><span class=\"date\">18<\/span><span class=\"month\">Mar<\/span><\/div><\/div>       \r\n      <div class=\"post-one__content has-thumbnail\">\r\n         <div class=\"post-one__content-inner\">\r\n            <h3 class=\"post-one__title\"><a href=\"https:\/\/anpej.sn\/accueil\/renforcement-des-competences-entrepreneuriales-20-jeunes-formes-au-business-plan-a-thies\/\" rel=\"bookmark\">Renforcement des comp\u00e9tences entrepreneuriales : 20 jeunes form\u00e9s au business plan \u00e0 Thi\u00e8s<\/a><\/h3>\r\n            <div class=\"post-one__meta\">\r\n               <div class=\"clearfix meta-inline post-meta-1\"><span class=\"author vcard\"><i class=\"fas fa-user-circle\"><\/i>admin<\/span><\/div>            <\/div> \r\n         <\/div>\r\n      <\/div>\r\n   <\/article>   \r\n\r\n  <\/div><div class=\"item-columns\">\r\n   <article class=\"post post-one__single post-17630 type-post status-publish format-standard has-post-thumbnail hentry category-actualite\">\r\n      <div class=\"post-one__thumbnail\"><a href=\"https:\/\/anpej.sn\/accueil\/atelier-de-formation-en-techniques-de-recherche-demploi-a-thies-un-appui-aux-beneficiaires-des-projets-paijef-et-patip\/\"><img loading=\"lazy\" decoding=\"async\" width=\"550\" height=\"580\" src=\"https:\/\/anpej.sn\/accueil\/wp-content\/uploads\/2026\/03\/pole-thies-550x580.jpg\" class=\"attachment-consilox_medium size-consilox_medium wp-post-image\" alt=\"Atelier de formation en Techniques de Recherche d\u2019Emploi \u00e0 Thi\u00e8s : un appui aux b\u00e9n\u00e9ficiaires des projets PAIJEF et PATIP\" \/><\/a><div class=\"post-one__entry-date\"><span class=\"date\">18<\/span><span class=\"month\">Mar<\/span><\/div><\/div>       \r\n      <div class=\"post-one__content has-thumbnail\">\r\n         <div class=\"post-one__content-inner\">\r\n            <h3 class=\"post-one__title\"><a href=\"https:\/\/anpej.sn\/accueil\/atelier-de-formation-en-techniques-de-recherche-demploi-a-thies-un-appui-aux-beneficiaires-des-projets-paijef-et-patip\/\" rel=\"bookmark\">Atelier de formation en Techniques de Recherche d\u2019Emploi \u00e0 Thi\u00e8s : un appui aux b\u00e9n\u00e9ficiaires des projets PAIJEF et PATIP<\/a><\/h3>\r\n            <div class=\"post-one__meta\">\r\n               <div class=\"clearfix meta-inline post-meta-1\"><span class=\"author vcard\"><i class=\"fas fa-user-circle\"><\/i>admin<\/span><\/div>            <\/div> \r\n         <\/div>\r\n      <\/div>\r\n   <\/article>   \r\n\r\n  <\/div><div class=\"item-columns\">\r\n   <article class=\"post post-one__single post-17619 type-post status-publish format-standard has-post-thumbnail hentry category-actualite\">\r\n      <div class=\"post-one__thumbnail\"><a href=\"https:\/\/anpej.sn\/accueil\/renforcement-des-capacites-des-jeunes-lanpej-organise-une-formation-en-developpement-personnel-et-leadership-des-filles-du-saint-coeur-de-marie-a-ziguinchor\/\"><img loading=\"lazy\" decoding=\"async\" width=\"550\" height=\"580\" src=\"https:\/\/anpej.sn\/accueil\/wp-content\/uploads\/2026\/03\/A-zigun-550x580.jpg\" class=\"attachment-consilox_medium size-consilox_medium wp-post-image\" alt=\"Renforcement des capacit\u00e9s des jeunes : l\u2019ANPEJ organise une formation en d\u00e9veloppement personnel et leadership des filles du Saint C\u0153ur de Marie \u00e0 Ziguinchor\" \/><\/a><div class=\"post-one__entry-date\"><span class=\"date\">12<\/span><span class=\"month\">Mar<\/span><\/div><\/div>       \r\n      <div class=\"post-one__content has-thumbnail\">\r\n         <div class=\"post-one__content-inner\">\r\n            <h3 class=\"post-one__title\"><a href=\"https:\/\/anpej.sn\/accueil\/renforcement-des-capacites-des-jeunes-lanpej-organise-une-formation-en-developpement-personnel-et-leadership-des-filles-du-saint-coeur-de-marie-a-ziguinchor\/\" rel=\"bookmark\">Renforcement des capacit\u00e9s des jeunes : l\u2019ANPEJ organise une formation en d\u00e9veloppement personnel et leadership des filles du Saint C\u0153ur de Marie \u00e0 Ziguinchor<\/a><\/h3>\r\n            <div class=\"post-one__meta\">\r\n               <div class=\"clearfix meta-inline post-meta-1\"><span class=\"author vcard\"><i class=\"fas fa-user-circle\"><\/i>admin<\/span><\/div>            <\/div> \r\n         <\/div>\r\n      <\/div>\r\n   <\/article>   \r\n\r\n  <\/div><div class=\"item-columns\">\r\n   <article class=\"post post-one__single post-17603 type-post status-publish format-standard has-post-thumbnail hentry category-actualite\">\r\n      <div class=\"post-one__thumbnail\"><a href=\"https:\/\/anpej.sn\/accueil\/renforcement-de-lemployabilite-des-etudiants-lanpej-et-luniversite-virtuelle-du-senegal-de-ziguinchor-forment-les-jeunes-aux-techniques-de-recherche-demploi\/\"><img loading=\"lazy\" decoding=\"async\" width=\"550\" height=\"580\" src=\"https:\/\/anpej.sn\/accueil\/wp-content\/uploads\/2026\/03\/A-Zig-550x580.jpg\" class=\"attachment-consilox_medium size-consilox_medium wp-post-image\" alt=\"Renforcement de l\u2019employabilit\u00e9 des \u00e9tudiants : l\u2019ANPEJ et l\u2019Universit\u00e9 Virtuelle du S\u00e9n\u00e9gal de Ziguinchor forment les jeunes aux techniques de recherche d\u2019emploi\" \/><\/a><div class=\"post-one__entry-date\"><span class=\"date\">06<\/span><span class=\"month\">Mar<\/span><\/div><\/div>       \r\n      <div class=\"post-one__content has-thumbnail\">\r\n         <div class=\"post-one__content-inner\">\r\n            <h3 class=\"post-one__title\"><a href=\"https:\/\/anpej.sn\/accueil\/renforcement-de-lemployabilite-des-etudiants-lanpej-et-luniversite-virtuelle-du-senegal-de-ziguinchor-forment-les-jeunes-aux-techniques-de-recherche-demploi\/\" rel=\"bookmark\">Renforcement de l\u2019employabilit\u00e9 des \u00e9tudiants : l\u2019ANPEJ et l\u2019Universit\u00e9 Virtuelle du S\u00e9n\u00e9gal de Ziguinchor forment les jeunes aux techniques de recherche d\u2019emploi<\/a><\/h3>\r\n            <div class=\"post-one__meta\">\r\n               <div class=\"clearfix meta-inline post-meta-1\"><span class=\"author vcard\"><i class=\"fas fa-user-circle\"><\/i>admin<\/span><\/div>            <\/div> \r\n         <\/div>\r\n      <\/div>\r\n   <\/article>   \r\n\r\n  <\/div><div class=\"item-columns\">\r\n   <article class=\"post post-one__single post-17590 type-post status-publish format-standard has-post-thumbnail hentry category-actualite\">\r\n      <div class=\"post-one__thumbnail\"><a href=\"https:\/\/anpej.sn\/accueil\/lancement-du-projet-e-s-p-r-i-t-synergie-des-acteurs-locaux-pour-linclusion-professionnelle-des-jeunes-et-des-femmes-a-thies-et-a-louga-avec-lappui-de-llvia\/\"><img loading=\"lazy\" decoding=\"async\" width=\"550\" height=\"580\" src=\"https:\/\/anpej.sn\/accueil\/wp-content\/uploads\/2026\/02\/esprit-thies-550x580.jpg\" class=\"attachment-consilox_medium size-consilox_medium wp-post-image\" alt=\"Lancement du projet E.S.P.R.I.T : synergie des acteurs locaux pour l\u2019inclusion professionnelle des jeunes et des femmes \u00e0 Thi\u00e8s et \u00e0 Louga, avec l\u2019appui de l\u2019LVIA\" \/><\/a><div class=\"post-one__entry-date\"><span class=\"date\">17<\/span><span class=\"month\">F\u00e9v<\/span><\/div><\/div>       \r\n      <div class=\"post-one__content has-thumbnail\">\r\n         <div class=\"post-one__content-inner\">\r\n            <h3 class=\"post-one__title\"><a href=\"https:\/\/anpej.sn\/accueil\/lancement-du-projet-e-s-p-r-i-t-synergie-des-acteurs-locaux-pour-linclusion-professionnelle-des-jeunes-et-des-femmes-a-thies-et-a-louga-avec-lappui-de-llvia\/\" rel=\"bookmark\">Lancement du projet E.S.P.R.I.T : synergie des acteurs locaux pour l\u2019inclusion professionnelle des jeunes et des femmes \u00e0 Thi\u00e8s et \u00e0 Louga, avec l\u2019appui de l\u2019LVIA<\/a><\/h3>\r\n            <div class=\"post-one__meta\">\r\n               <div class=\"clearfix meta-inline post-meta-1\"><span class=\"author vcard\"><i class=\"fas fa-user-circle\"><\/i>admin<\/span><\/div>            <\/div> \r\n         <\/div>\r\n      <\/div>\r\n   <\/article>   \r\n\r\n  <\/div><div class=\"item-columns\">\r\n   <article class=\"post post-one__single post-17587 type-post status-publish format-standard has-post-thumbnail hentry category-actualite\">\r\n      <div class=\"post-one__thumbnail\"><a href=\"https:\/\/anpej.sn\/accueil\/projet-tekke-ak-tagagu-teggi-diagnostic-et-echanges-pour-linsertion-professionnelle-des-jeunes-de-ngourane-avec-lappui-de-leducation-development-center-et-des-services-te\/\"><img loading=\"lazy\" decoding=\"async\" width=\"550\" height=\"580\" src=\"https:\/\/anpej.sn\/accueil\/wp-content\/uploads\/2026\/02\/tekke-550x580.jpg\" class=\"attachment-consilox_medium size-consilox_medium wp-post-image\" alt=\"Projet Tekke ak Tagagu, Teggi : diagnostic et \u00e9changes pour l\u2019insertion professionnelle des jeunes de Ngourane avec l\u2019appui de l\u2019Education Development Center et des services techniques\" \/><\/a><div class=\"post-one__entry-date\"><span class=\"date\">17<\/span><span class=\"month\">F\u00e9v<\/span><\/div><\/div>       \r\n      <div class=\"post-one__content has-thumbnail\">\r\n         <div class=\"post-one__content-inner\">\r\n            <h3 class=\"post-one__title\"><a href=\"https:\/\/anpej.sn\/accueil\/projet-tekke-ak-tagagu-teggi-diagnostic-et-echanges-pour-linsertion-professionnelle-des-jeunes-de-ngourane-avec-lappui-de-leducation-development-center-et-des-services-te\/\" rel=\"bookmark\">Projet Tekke ak Tagagu, Teggi : diagnostic et \u00e9changes pour l\u2019insertion professionnelle des jeunes de Ngourane avec l\u2019appui de l\u2019Education Development Center et des services techniques<\/a><\/h3>\r\n            <div class=\"post-one__meta\">\r\n               <div class=\"clearfix meta-inline post-meta-1\"><span class=\"author vcard\"><i class=\"fas fa-user-circle\"><\/i>admin<\/span><\/div>            <\/div> \r\n         <\/div>\r\n      <\/div>\r\n   <\/article>   \r\n\r\n  <\/div><div class=\"item-columns\">\r\n   <article class=\"post post-one__single post-17584 type-post status-publish format-standard has-post-thumbnail hentry category-actualite\">\r\n      <div class=\"post-one__thumbnail\"><a href=\"https:\/\/anpej.sn\/accueil\/renforcement-des-competences-numeriques-27-jeunes-formes-aux-outils-bureautiques-par-lantenne-regionale-de-thies-en-collaboration-avec-la-prefecture-de-linguere\/\"><img loading=\"lazy\" decoding=\"async\" width=\"550\" height=\"580\" src=\"https:\/\/anpej.sn\/accueil\/wp-content\/uploads\/2026\/02\/word-excelthies-550x580.jpg\" class=\"attachment-consilox_medium size-consilox_medium wp-post-image\" alt=\"Renforcement des comp\u00e9tences num\u00e9riques : 27 jeunes form\u00e9s aux outils bureautiques par l\u2019Antenne r\u00e9gionale de Thi\u00e8s en collaboration avec la Pr\u00e9fecture de Lingu\u00e8re\" \/><\/a><div class=\"post-one__entry-date\"><span class=\"date\">16<\/span><span class=\"month\">F\u00e9v<\/span><\/div><\/div>       \r\n      <div class=\"post-one__content has-thumbnail\">\r\n         <div class=\"post-one__content-inner\">\r\n            <h3 class=\"post-one__title\"><a href=\"https:\/\/anpej.sn\/accueil\/renforcement-des-competences-numeriques-27-jeunes-formes-aux-outils-bureautiques-par-lantenne-regionale-de-thies-en-collaboration-avec-la-prefecture-de-linguere\/\" rel=\"bookmark\">Renforcement des comp\u00e9tences num\u00e9riques : 27 jeunes form\u00e9s aux outils bureautiques par l\u2019Antenne r\u00e9gionale de Thi\u00e8s en collaboration avec la Pr\u00e9fecture de Lingu\u00e8re<\/a><\/h3>\r\n            <div class=\"post-one__meta\">\r\n               <div class=\"clearfix meta-inline post-meta-1\"><span class=\"author vcard\"><i class=\"fas fa-user-circle\"><\/i>admin<\/span><\/div>            <\/div> \r\n         <\/div>\r\n      <\/div>\r\n   <\/article>   \r\n\r\n  <\/div><div class=\"item-columns\">\r\n   <article class=\"post post-one__single post-17581 type-post status-publish format-standard has-post-thumbnail hentry category-actualite\">\r\n      <div class=\"post-one__thumbnail\"><a href=\"https:\/\/anpej.sn\/accueil\/renforcement-des-competences-entrepreneuriales-des-artisans-lantenne-regionale-de-thies-engagee-aux-cotes-de-la-chambre-des-metiers-dans-le-cadre-du-projet-elan-ci-artisanat\/\"><img loading=\"lazy\" decoding=\"async\" width=\"550\" height=\"580\" src=\"https:\/\/anpej.sn\/accueil\/wp-content\/uploads\/2026\/02\/img-artisanat-550x580.jpg\" class=\"attachment-consilox_medium size-consilox_medium wp-post-image\" alt=\"Renforcement des comp\u00e9tences entrepreneuriales des artisans : l\u2019Antenne r\u00e9gionale de Thi\u00e8s engag\u00e9e aux c\u00f4t\u00e9s de la Chambre des m\u00e9tiers dans le cadre du projet \u00c9lan ci Artisanat\" \/><\/a><div class=\"post-one__entry-date\"><span class=\"date\">16<\/span><span class=\"month\">F\u00e9v<\/span><\/div><\/div>       \r\n      <div class=\"post-one__content has-thumbnail\">\r\n         <div class=\"post-one__content-inner\">\r\n            <h3 class=\"post-one__title\"><a href=\"https:\/\/anpej.sn\/accueil\/renforcement-des-competences-entrepreneuriales-des-artisans-lantenne-regionale-de-thies-engagee-aux-cotes-de-la-chambre-des-metiers-dans-le-cadre-du-projet-elan-ci-artisanat\/\" rel=\"bookmark\">Renforcement des comp\u00e9tences entrepreneuriales des artisans : l\u2019Antenne r\u00e9gionale de Thi\u00e8s engag\u00e9e aux c\u00f4t\u00e9s de la Chambre des m\u00e9tiers dans le cadre du projet \u00c9lan ci Artisanat<\/a><\/h3>\r\n            <div class=\"post-one__meta\">\r\n               <div class=\"clearfix meta-inline post-meta-1\"><span class=\"author vcard\"><i class=\"fas fa-user-circle\"><\/i>admin<\/span><\/div>            <\/div> \r\n         <\/div>\r\n      <\/div>\r\n   <\/article>   \r\n\r\n  <\/div><div class=\"item-columns\">\r\n   <article class=\"post post-one__single post-17578 type-post status-publish format-standard has-post-thumbnail hentry category-actualite\">\r\n      <div class=\"post-one__thumbnail\"><a href=\"https:\/\/anpej.sn\/accueil\/agri-accelerateur-2-0-mobilisation-institutionnelle-autour-de-linformation-et-de-la-sensibilisation-des-jeunes-porteurs-de-projets-a-thies\/\"><img loading=\"lazy\" decoding=\"async\" width=\"550\" height=\"580\" src=\"https:\/\/anpej.sn\/accueil\/wp-content\/uploads\/2026\/02\/fao-550x580.jpg\" class=\"attachment-consilox_medium size-consilox_medium wp-post-image\" alt=\"Agri Acc\u00e9l\u00e9rateur 2.0 : mobilisation institutionnelle autour de l\u2019information et de la sensibilisation des jeunes porteurs de projets \u00e0 Thi\u00e8s\" \/><\/a><div class=\"post-one__entry-date\"><span class=\"date\">16<\/span><span class=\"month\">F\u00e9v<\/span><\/div><\/div>       \r\n      <div class=\"post-one__content has-thumbnail\">\r\n         <div class=\"post-one__content-inner\">\r\n            <h3 class=\"post-one__title\"><a href=\"https:\/\/anpej.sn\/accueil\/agri-accelerateur-2-0-mobilisation-institutionnelle-autour-de-linformation-et-de-la-sensibilisation-des-jeunes-porteurs-de-projets-a-thies\/\" rel=\"bookmark\">Agri Acc\u00e9l\u00e9rateur 2.0 : mobilisation institutionnelle autour de l\u2019information et de la sensibilisation des jeunes porteurs de projets \u00e0 Thi\u00e8s<\/a><\/h3>\r\n            <div class=\"post-one__meta\">\r\n               <div class=\"clearfix meta-inline post-meta-1\"><span class=\"author vcard\"><i class=\"fas fa-user-circle\"><\/i>admin<\/span><\/div>            <\/div> \r\n         <\/div>\r\n      <\/div>\r\n   <\/article>   \r\n\r\n  <\/div>\t\t  <\/div>\r\n\t\t<\/div>\r\n\t\t\t\t\t <div class=\"pagination\">\r\n\t\t\t\t  <div class=\"column one pager_wrapper\"><div class=\"pager\"><div class=\"paginations\"><a href=\"https:\/\/anpej.sn\/accueil\/wp-json\/wp\/v2\/pages\/14771\/\" class=\"page-item active\">1<\/a><a href=\"https:\/\/anpej.sn\/accueil\/wp-json\/wp\/v2\/pages\/14771\/page\/2\/\" class=\"page-item\">2<\/a><a href=\"https:\/\/anpej.sn\/accueil\/wp-json\/wp\/v2\/pages\/14771\/page\/3\/\" class=\"page-item\">3<\/a><span class=\"page-item\">... <\/span><a href=\"https:\/\/anpej.sn\/accueil\/wp-json\/wp\/v2\/pages\/14771\/page\/10\/\" class=\"page-item\">10<\/a><a class=\"next_page\" href=\"https:\/\/anpej.sn\/accueil\/wp-json\/wp\/v2\/pages\/14771\/page\/2\/\"><i class=\"fas fa-chevron-right\"><\/i><\/a><\/div><\/div><\/div>\n\t\t\t <\/div>\r\n\t\t  <\/div>\r\n  <\/div>\t\t\t\t<\/div>\n\t\t\t\t<\/div>\n\t\t\t\t\t<\/div>\n\t\t\t\t<\/div>\n\t\t\t\t<\/div>\n\t\t","protected":false},"excerpt":{"rendered":"<p>11Sep Formation sur les M\u00e9tiers du Num\u00e9rique au Pole Emploi Entrepreneuriat de Fatick Seynabou DIOUF0 Comments 04Sep La Directrice g\u00e9n\u00e9rale de l\u2019ANPEJ et ses collaborateurs ont re\u00e7u le Directeur g\u00e9n\u00e9ral [&hellip;]<\/p>\n","protected":false},"author":1,"featured_media":0,"parent":0,"menu_order":0,"comment_status":"closed","ping_status":"closed","template":"","meta":{"footnotes":""},"class_list":["post-14771","page","type-page","status-publish","hentry"],"rttpg_featured_image_url":null,"rttpg_author":{"display_name":"admin","author_link":"https:\/\/anpej.sn\/accueil\/author\/admin\/"},"rttpg_comment":0,"rttpg_category":"","rttpg_excerpt":"11Sep Formation sur les M\u00e9tiers du Num\u00e9rique au Pole Emploi Entrepreneuriat de Fatick Seynabou DIOUF0 Comments 04Sep La Directrice g\u00e9n\u00e9rale de l\u2019ANPEJ et ses collaborateurs ont re\u00e7u le Directeur g\u00e9n\u00e9ral [&hellip;]","_links":{"self":[{"href":"https:\/\/anpej.sn\/accueil\/wp-json\/wp\/v2\/pages\/14771","targetHints":{"allow":["GET"]}}],"collection":[{"href":"https:\/\/anpej.sn\/accueil\/wp-json\/wp\/v2\/pages"}],"about":[{"href":"https:\/\/anpej.sn\/accueil\/wp-json\/wp\/v2\/types\/page"}],"author":[{"embeddable":true,"href":"https:\/\/anpej.sn\/accueil\/wp-json\/wp\/v2\/users\/1"}],"replies":[{"embeddable":true,"href":"https:\/\/anpej.sn\/accueil\/wp-json\/wp\/v2\/comments?post=14771"}],"version-history":[{"count":34,"href":"https:\/\/anpej.sn\/accueil\/wp-json\/wp\/v2\/pages\/14771\/revisions"}],"predecessor-version":[{"id":15603,"href":"https:\/\/anpej.sn\/accueil\/wp-json\/wp\/v2\/pages\/14771\/revisions\/15603"}],"wp:attachment":[{"href":"https:\/\/anpej.sn\/accueil\/wp-json\/wp\/v2\/media?parent=14771"}],"curies":[{"name":"wp","href":"https:\/\/api.w.org\/{rel}","templated":true}]}}