{"id":15129,"date":"2024-10-08T10:55:14","date_gmt":"2024-10-08T08:55:14","guid":{"rendered":"https:\/\/anpej.sn\/acceuil\/?page_id=15129"},"modified":"2025-08-07T13:48:27","modified_gmt":"2025-08-07T11:48:27","slug":"mot-du-dg","status":"publish","type":"page","link":"https:\/\/anpej.sn\/accueil\/mot-du-dg\/","title":{"rendered":"Mot du Directeur G\u00e9n\u00e9ral"},"content":{"rendered":"\t\t<div data-elementor-type=\"wp-page\" data-elementor-id=\"15129\" class=\"elementor elementor-15129\">\n\t\t\t\t<div class=\"elementor-element elementor-element-f5030b0 e-flex e-con-boxed e-con e-parent\" data-id=\"f5030b0\" data-element_type=\"container\">\n\t\t\t\t\t<div class=\"e-con-inner\">\n\t\t\t\t\t<\/div>\n\t\t\t\t<\/div>\n\t\t<div class=\"elementor-element elementor-element-5be06fa e-flex e-con-boxed e-con e-parent\" data-id=\"5be06fa\" data-element_type=\"container\">\n\t\t\t\t\t<div class=\"e-con-inner\">\n\t\t<div class=\"elementor-element elementor-element-52aed07 e-con-full e-flex e-con e-child\" data-id=\"52aed07\" data-element_type=\"container\" data-settings=\"{&quot;background_background&quot;:&quot;classic&quot;}\">\n\t\t\t\t<div class=\"elementor-element elementor-element-3f493ff elementor-widget elementor-widget-text-editor\" data-id=\"3f493ff\" data-element_type=\"widget\" data-widget_type=\"text-editor.default\">\n\t\t\t\t<div class=\"elementor-widget-container\">\n\t\t\t\t\t\t\t\t\t<p style=\"text-align: justify;\">L\u2019accession de\u00a0<strong>Son Excellence Bassirou Diomaye Diakhar Faye<\/strong>\u00a0\u00e0 la magistrature supr\u00eame de notre pays, le 24 mars 2024, ouvre de nouvelles perspectives quant \u00e0 la volont\u00e9 des nouvelles autorit\u00e9s de la R\u00e9publique de b\u00e2tir un S\u00e9n\u00e9gal souverain prosp\u00e8re ax\u00e9 sur le plein emploi productif pour tous et une r\u00e9duction des vuln\u00e9rabilit\u00e9s sous toutes ses formes.<\/p>\n<p style=\"text-align: justify;\">Cette volont\u00e9 d\u00e9clin\u00e9e dans le \u00ab PROJET \u00bb, nouveau r\u00e9f\u00e9rentiel de d\u00e9veloppement des politiques publiques, reste essentiellement adoss\u00e9e \u00e0 une d\u00e9marche inclusive et participative, pour r\u00e9pondre \u00e0 des d\u00e9fis multiformes par la qualification professionnelle, l\u2019interm\u00e9diation sur le march\u00e9 de l\u2019emploi et le d\u00e9veloppement de l\u2019entrepreneuriat.<\/p>\nL\u2019impact du ch\u00f4mage dans notre pays est tel que beaucoup de jeunes n\u2019ont trouv\u00e9 d\u2019autres alternatives que de tenter la voie de la migration irr\u00e9guli\u00e8re, au prix parfois de leur vie.<\/p>\n\n<p style=\"text-align: justify;\">Le challenge, aujourd\u2019hui est de redonner espoir \u00e0 cette jeunesse en engageant des r\u00e9formes courageuses et en adressant des interventions plus structurelles que conjoncturelles.<\/p>\n\n<p style=\"text-align: justify;\">L\u2019ANPEJ, pour sa part, jouera pleinement sa partition dans le cadre de sa mission de promotion de l\u2019emploi des jeunes. Ainsi compte-elle, dans cette dynamique, mettre \u00e0 profit son leadership, son expertise et capacit\u00e9s distinctives pour mieux valoriser le potentiel d\u2019insertion des demandeurs d\u2019emploi.<\/p>\n\n<p style=\"text-align: justify;\">J\u2019exhorte alors les jeunes \u00e0 se rapprocher davantage des P\u00f4les Emploi Entrepreneuriat des Jeunes et des Femmes, des Antennes r\u00e9gionales et des Espaces Emploi Jeune de l\u2019ANPEJ et \u00e0 s\u2019inscrire dans sa plateforme num\u00e9rique\u00a0<a href=\"http:\/\/www.emploijeunes.sn\/\">www.emploijeunes.sn<\/a>, afin de b\u00e9n\u00e9ficier des opportunit\u00e9s offertes dans le cadre des strat\u00e9gies d\u2019encadrement et d\u2019accompagnement de promotion de l\u2019emploi et de d\u00e9veloppement de l\u2019entrepreneuriat.<\/p>\n<p style=\"text-align: right;\"><strong>Madame Sinna Amadou Gaye<\/strong><\/p>\t\t\t\t\t\t\t\t<\/div>\n\t\t\t\t<\/div>\n\t\t\t\t<\/div>\n\t\t<div class=\"elementor-element elementor-element-8908350 e-con-full e-flex e-con e-child\" data-id=\"8908350\" data-element_type=\"container\">\n\t\t\t\t<div class=\"elementor-element elementor-element-8a95bfc elementor-widget elementor-widget-image\" data-id=\"8a95bfc\" data-element_type=\"widget\" data-widget_type=\"image.default\">\n\t\t\t\t<div class=\"elementor-widget-container\">\n\t\t\t\t\t\t\t\t\t\t\t\t\t\t\t<img fetchpriority=\"high\" decoding=\"async\" width=\"785\" height=\"1080\" src=\"https:\/\/anpej.sn\/accueil\/wp-content\/uploads\/2024\/10\/dg-anpej.jpg\" class=\"attachment-full size-full wp-image-15214\" alt=\"\" srcset=\"https:\/\/anpej.sn\/accueil\/wp-content\/uploads\/2024\/10\/dg-anpej.jpg 785w, https:\/\/anpej.sn\/accueil\/wp-content\/uploads\/2024\/10\/dg-anpej-744x1024.jpg 744w, https:\/\/anpej.sn\/accueil\/wp-content\/uploads\/2024\/10\/dg-anpej-768x1057.jpg 768w, https:\/\/anpej.sn\/accueil\/wp-content\/uploads\/2024\/10\/dg-anpej-600x825.jpg 600w\" sizes=\"(max-width: 785px) 100vw, 785px\" \/>\t\t\t\t\t\t\t\t\t\t\t\t\t\t\t<\/div>\n\t\t\t\t<\/div>\n\t\t\t\t<\/div>\n\t\t\t\t\t<\/div>\n\t\t\t\t<\/div>\n\t\t<div class=\"elementor-element elementor-element-895d8a5 e-flex e-con-boxed e-con e-parent\" data-id=\"895d8a5\" data-element_type=\"container\">\n\t\t\t\t\t<div class=\"e-con-inner\">\n\t\t\t\t<div class=\"elementor-element elementor-element-12ab89a elementor-widget elementor-widget-heading\" data-id=\"12ab89a\" data-element_type=\"widget\" data-widget_type=\"heading.default\">\n\t\t\t\t<div class=\"elementor-widget-container\">\n\t\t\t\t\t<h2 class=\"elementor-heading-title elementor-size-default\">A Propos de l'ANPEJ<\/h2>\t\t\t\t<\/div>\n\t\t\t\t<\/div>\n\t\t\t\t\t<\/div>\n\t\t\t\t<\/div>\n\t\t<div class=\"elementor-element elementor-element-955af6b e-flex e-con-boxed e-con e-parent\" data-id=\"955af6b\" data-element_type=\"container\">\n\t\t\t\t\t<div class=\"e-con-inner\">\n\t\t\t\t<div class=\"elementor-element elementor-element-287f0e8 elementor-widget elementor-widget-text-editor\" data-id=\"287f0e8\" data-element_type=\"widget\" data-widget_type=\"text-editor.default\">\n\t\t\t\t<div class=\"elementor-widget-container\">\n\t\t\t\t\t\t\t\t\t<p class=\"vc_custom_heading\">L\u2019Agence Nationale pour la Promotion de l\u2019Emploi des Jeunes (ANPEJ) a \u00e9t\u00e9 cr\u00e9\u00e9e par <a href=\"https:\/\/anpej.sn\/accueil\/wp-content\/uploads\/2025\/02\/Sen178203.pdf\" target=\"_blank\" rel=\"noopener\">d\u00e9cret N\u00b0 2014-26du 09 Janvier 2014<\/a> en vue d\u2019assurer la mise en \u0153uvre de la politique du gouvernement en mati\u00e8re de promotion de l\u2019emploi des jeunes.<br \/>L\u2019analyse de la situation de l\u2019emploi au S\u00e9n\u00e9gal confirme amplement les difficult\u00e9s li\u00e9es \u00e0 la prise en charge du ch\u00f4mage des jeunes. Le taux de ch\u00f4mage dans notre pays a atteint 16,9 % et les derni\u00e8res statistiques r\u00e9v\u00e8lent que la tranche d\u2019\u00e2ge des 15-35 ans de la population active est la plus affect\u00e9e par le ph\u00e9nom\u00e8ne.<br \/>Ce dernier est exacerb\u00e9 par plusieurs facteurs, notamment:<\/p><ul><li>l\u2019absence de cadre de concertation harmonis\u00e9 entre les diff\u00e9rents acteurs (Administration, Secteur priv\u00e9, Soci\u00e9t\u00e9 civile, etc.);<\/li><li>la pluralit\u00e9 des acteurs institutionnels en charge du service public de l\u2019emploi des jeunes (l\u2019ANEJ, le FNPJ, l\u2019AJEB, et l\u2019ANAMA\u2026);<\/li><li>la faible employabilit\u00e9 des jeunes sur le march\u00e9 du travail \u2026<\/li><\/ul><p>La cr\u00e9ation de l\u2019ANPEJ traduit ainsi une volont\u00e9 du Chef de l\u2019Etat, de rationaliser les structures qui \u00e9voluaient dans la gouvernance de l\u2019emploi des jeunes et d\u2019optimiser les moyens d\u2019intervention sur le terrain.<\/p><p>.<\/p>\t\t\t\t\t\t\t\t<\/div>\n\t\t\t\t<\/div>\n\t\t\t\t\t<\/div>\n\t\t\t\t<\/div>\n\t\t\t\t<\/div>\n\t\t","protected":false},"excerpt":{"rendered":"<p>L\u2019accession de\u00a0Son Excellence Bassirou Diomaye Diakhar Faye\u00a0\u00e0 la magistrature supr\u00eame de notre pays, le 24 mars 2024, ouvre de nouvelles perspectives quant \u00e0 la volont\u00e9 des nouvelles autorit\u00e9s de la [&hellip;]<\/p>\n","protected":false},"author":1,"featured_media":0,"parent":0,"menu_order":0,"comment_status":"closed","ping_status":"closed","template":"","meta":{"footnotes":""},"class_list":["post-15129","page","type-page","status-publish","hentry"],"rttpg_featured_image_url":null,"rttpg_author":{"display_name":"admin","author_link":"https:\/\/anpej.sn\/accueil\/author\/admin\/"},"rttpg_comment":0,"rttpg_category":null,"rttpg_excerpt":"L\u2019accession de\u00a0Son Excellence Bassirou Diomaye Diakhar Faye\u00a0\u00e0 la magistrature supr\u00eame de notre pays, le 24 mars 2024, ouvre de nouvelles perspectives quant \u00e0 la volont\u00e9 des nouvelles autorit\u00e9s de la [&hellip;]","_links":{"self":[{"href":"https:\/\/anpej.sn\/accueil\/wp-json\/wp\/v2\/pages\/15129","targetHints":{"allow":["GET"]}}],"collection":[{"href":"https:\/\/anpej.sn\/accueil\/wp-json\/wp\/v2\/pages"}],"about":[{"href":"https:\/\/anpej.sn\/accueil\/wp-json\/wp\/v2\/types\/page"}],"author":[{"embeddable":true,"href":"https:\/\/anpej.sn\/accueil\/wp-json\/wp\/v2\/users\/1"}],"replies":[{"embeddable":true,"href":"https:\/\/anpej.sn\/accueil\/wp-json\/wp\/v2\/comments?post=15129"}],"version-history":[{"count":70,"href":"https:\/\/anpej.sn\/accueil\/wp-json\/wp\/v2\/pages\/15129\/revisions"}],"predecessor-version":[{"id":17008,"href":"https:\/\/anpej.sn\/accueil\/wp-json\/wp\/v2\/pages\/15129\/revisions\/17008"}],"wp:attachment":[{"href":"https:\/\/anpej.sn\/accueil\/wp-json\/wp\/v2\/media?parent=15129"}],"curies":[{"name":"wp","href":"https:\/\/api.w.org\/{rel}","templated":true}]}}

Mot du Directeur Général

<div data-elementor-type="wp-page" data-elementor-id="15129" class="elementor elementor-15129">
				<div class="elementor-element elementor-element-f5030b0 e-flex e-con-boxed e-con e-parent" data-id="f5030b0" data-element_type="container">
					<div class="e-con-inner">
					</div>
				</div>
		<div class="elementor-element elementor-element-5be06fa e-flex e-con-boxed e-con e-parent" data-id="5be06fa" data-element_type="container">
					<div class="e-con-inner">
		<div class="elementor-element elementor-element-52aed07 e-con-full e-flex e-con e-child" data-id="52aed07" data-element_type="container" data-settings="{&quot;background_background&quot;:&quot;classic&quot;}">
				<div class="elementor-element elementor-element-3f493ff elementor-widget elementor-widget-text-editor" data-id="3f493ff" data-element_type="widget" data-widget_type="text-editor.default">
				<div class="elementor-widget-container">
									<p style="text-align: justify;">L’accession de <strong>Son Excellence Bassirou Diomaye Diakhar Faye</strong> à la magistrature suprême de notre pays, le 24 mars 2024, ouvre de nouvelles perspectives quant à la volonté des nouvelles autorités de la République de bâtir un Sénégal souverain prospère axé sur le plein emploi productif pour tous et une réduction des vulnérabilités sous toutes ses formes.</p>
<p style="text-align: justify;">Cette volonté déclinée dans le « PROJET », nouveau référentiel de développement des politiques publiques, reste essentiellement adossée à une démarche inclusive et participative, pour répondre à des défis multiformes par la qualification professionnelle, l’intermédiation sur le marché de l’emploi et le développement de l’entrepreneuriat.</p>
L’impact du chômage dans notre pays est tel que beaucoup de jeunes n’ont trouvé d’autres alternatives que de tenter la voie de la migration irrégulière, au prix parfois de leur vie.</p>

<p style="text-align: justify;">Le challenge, aujourd’hui est de redonner espoir à cette jeunesse en engageant des réformes courageuses et en adressant des interventions plus structurelles que conjoncturelles.</p>

<p style="text-align: justify;">L’ANPEJ, pour sa part, jouera pleinement sa partition dans le cadre de sa mission de promotion de l’emploi des jeunes. Ainsi compte-elle, dans cette dynamique, mettre à profit son leadership, son expertise et capacités distinctives pour mieux valoriser le potentiel d’insertion des demandeurs d’emploi.</p>

<p style="text-align: justify;">J’exhorte alors les jeunes à se rapprocher davantage des Pôles Emploi Entrepreneuriat des Jeunes et des Femmes, des Antennes régionales et des Espaces Emploi Jeune de l’ANPEJ et à s’inscrire dans sa plateforme numérique <a href="http://www.emploijeunes.sn/">www.emploijeunes.sn</a>, afin de bénéficier des opportunités offertes dans le cadre des stratégies d’encadrement et d’accompagnement de promotion de l’emploi et de développement de l’entrepreneuriat.</p>
<p style="text-align: right;"><strong>Madame Sinna Amadou Gaye</strong></p>								</div>
				</div>
				</div>
		<div class="elementor-element elementor-element-8908350 e-con-full e-flex e-con e-child" data-id="8908350" data-element_type="container">
				<div class="elementor-element elementor-element-8a95bfc elementor-widget elementor-widget-image" data-id="8a95bfc" data-element_type="widget" data-widget_type="image.default">
				<div class="elementor-widget-container">
															<img fetchpriority="high" decoding="async" width="785" height="1080" src="https://anpej.sn/accueil/wp-content/uploads/2024/10/dg-anpej.jpg" class="attachment-full size-full wp-image-15214" alt="" srcset="https://anpej.sn/accueil/wp-content/uploads/2024/10/dg-anpej.jpg 785w, https://anpej.sn/accueil/wp-content/uploads/2024/10/dg-anpej-744x1024.jpg 744w, https://anpej.sn/accueil/wp-content/uploads/2024/10/dg-anpej-768x1057.jpg 768w, https://anpej.sn/accueil/wp-content/uploads/2024/10/dg-anpej-600x825.jpg 600w" sizes="(max-width: 785px) 100vw, 785px" />															</div>
				</div>
				</div>
					</div>
				</div>
		<div class="elementor-element elementor-element-895d8a5 e-flex e-con-boxed e-con e-parent" data-id="895d8a5" data-element_type="container">
					<div class="e-con-inner">
				<div class="elementor-element elementor-element-12ab89a elementor-widget elementor-widget-heading" data-id="12ab89a" data-element_type="widget" data-widget_type="heading.default">
				<div class="elementor-widget-container">
					<h2 class="elementor-heading-title elementor-size-default">A Propos de l'ANPEJ</h2>				</div>
				</div>
					</div>
				</div>
		<div class="elementor-element elementor-element-955af6b e-flex e-con-boxed e-con e-parent" data-id="955af6b" data-element_type="container">
					<div class="e-con-inner">
				<div class="elementor-element elementor-element-287f0e8 elementor-widget elementor-widget-text-editor" data-id="287f0e8" data-element_type="widget" data-widget_type="text-editor.default">
				<div class="elementor-widget-container">
									<p class="vc_custom_heading">L’Agence Nationale pour la Promotion de l’Emploi des Jeunes (ANPEJ) a été créée par <a href="https://anpej.sn/accueil/wp-content/uploads/2025/02/Sen178203.pdf" target="_blank" rel="noopener">décret N° 2014-26du 09 Janvier 2014</a> en vue d’assurer la mise en œuvre de la politique du gouvernement en matière de promotion de l’emploi des jeunes.<br />L’analyse de la situation de l’emploi au Sénégal confirme amplement les difficultés liées à la prise en charge du chômage des jeunes. Le taux de chômage dans notre pays a atteint 16,9 % et les dernières statistiques révèlent que la tranche d’âge des 15-35 ans de la population active est la plus affectée par le phénomène.<br />Ce dernier est exacerbé par plusieurs facteurs, notamment:</p><ul><li>l’absence de cadre de concertation harmonisé entre les différents acteurs (Administration, Secteur privé, Société civile, etc.);</li><li>la pluralité des acteurs institutionnels en charge du service public de l’emploi des jeunes (l’ANEJ, le FNPJ, l’AJEB, et l’ANAMA…);</li><li>la faible employabilité des jeunes sur le marché du travail …</li></ul><p>La création de l’ANPEJ traduit ainsi une volonté du Chef de l’Etat, de rationaliser les structures qui évoluaient dans la gouvernance de l’emploi des jeunes et d’optimiser les moyens d’intervention sur le terrain.</p><p>.</p>								</div>
				</div>
					</div>
				</div>
				</div>

<p>L’accession de Son Excellence Bassirou Diomaye Diakhar Faye à la magistrature suprême de notre pays, le 24 mars 2024, ouvre de nouvelles perspectives quant à la volonté des nouvelles autorités de la [&hellip;]</p>

L’accession de Son Excellence Bassirou Diomaye Diakhar Faye à la magistrature suprême de notre pays, le 24 mars 2024, ouvre de nouvelles perspectives quant à la volonté des nouvelles autorités de la [&hellip;]
