{"id":20,"date":"2024-05-24T02:17:29","date_gmt":"2024-05-24T02:17:29","guid":{"rendered":"https:\/\/gaviaspreview.com\/wp\/consilox\/?page_id=20"},"modified":"2025-01-30T17:20:50","modified_gmt":"2025-01-30T16:20:50","slug":"emploi-canada","status":"publish","type":"page","link":"https:\/\/anpej.sn\/accueil\/emploi-canada\/","title":{"rendered":"Emploi canada"},"content":{"rendered":"\t\t<div data-elementor-type=\"wp-page\" data-elementor-id=\"20\" class=\"elementor elementor-20\">\n\t\t\t\t<div class=\"elementor-element elementor-element-e776aa2 e-con-full e-flex e-con e-parent\" data-id=\"e776aa2\" data-element_type=\"container\" data-settings=\"{&quot;background_background&quot;:&quot;slideshow&quot;,&quot;background_slideshow_gallery&quot;:[{&quot;id&quot;:16509,&quot;url&quot;:&quot;https:\\\/\\\/anpej.sn\\\/accueil\\\/wp-content\\\/uploads\\\/2025\\\/01\\\/p3-1.jpg&quot;},{&quot;id&quot;:16493,&quot;url&quot;:&quot;https:\\\/\\\/anpej.sn\\\/accueil\\\/wp-content\\\/uploads\\\/2025\\\/01\\\/p3.jpg&quot;}],&quot;background_slideshow_ken_burns&quot;:&quot;yes&quot;,&quot;background_slideshow_ken_burns_zoom_direction&quot;:&quot;out&quot;,&quot;background_slideshow_loop&quot;:&quot;yes&quot;,&quot;background_slideshow_slide_duration&quot;:5000,&quot;background_slideshow_slide_transition&quot;:&quot;fade&quot;,&quot;background_slideshow_transition_duration&quot;:500}\">\n\t\t<div class=\"elementor-element elementor-element-dc473e2 e-con-full e-flex e-con e-child\" data-id=\"dc473e2\" data-element_type=\"container\">\n\t\t\t\t<div class=\"elementor-element elementor-element-a0918f3 elementor-widget elementor-widget-gva-heading-block\" data-id=\"a0918f3\" data-element_type=\"widget\" data-widget_type=\"gva-heading-block.default\">\n\t\t\t\t<div class=\"elementor-widget-container\">\n\t\t\t\t\t<div class=\"gva-element-gva-heading-block gva-element\">   <div class=\"align-center style-1 widget gsc-heading box-align-left auto-responsive\">\r\n      <div class=\"content-inner\">\r\n         \r\n                  \r\n           \r\n         \r\n                     <h2 class=\"title \">\r\n               <span>Emploi canada<\/span>\r\n            <\/h2>\r\n                  \r\n         \r\n         \r\n      <\/div>\r\n   <\/div>\r\n<\/div>\t\t\t\t<\/div>\n\t\t\t\t<\/div>\n\t\t\t\t<\/div>\n\t\t\t\t<\/div>\n\t\t<div class=\"elementor-element elementor-element-13de9f5 e-flex e-con-boxed e-con e-parent\" data-id=\"13de9f5\" data-element_type=\"container\">\n\t\t\t\t\t<div class=\"e-con-inner\">\n\t\t\t\t<div class=\"elementor-element elementor-element-048e89a elementor-widget elementor-widget-heading\" data-id=\"048e89a\" data-element_type=\"widget\" data-widget_type=\"heading.default\">\n\t\t\t\t<div class=\"elementor-widget-container\">\n\t\t\t\t\t<h2 class=\"elementor-heading-title elementor-size-default\">Fiche de Poste<\/h2>\t\t\t\t<\/div>\n\t\t\t\t<\/div>\n\t\t\t\t\t<\/div>\n\t\t\t\t<\/div>\n\t\t<div class=\"elementor-element elementor-element-0ace1dd e-flex e-con-boxed e-con e-parent\" data-id=\"0ace1dd\" data-element_type=\"container\">\n\t\t\t\t\t<div class=\"e-con-inner\">\n\t\t\t\t<div class=\"elementor-element elementor-element-24bd874 elementor-widget elementor-widget-shortcode\" data-id=\"24bd874\" data-element_type=\"widget\" data-widget_type=\"shortcode.default\">\n\t\t\t\t<div class=\"elementor-widget-container\">\n\t\t\t\t\t\t\t<div class=\"elementor-shortcode\">\n<table id=\"tablepress-30\" class=\"tablepress tablepress-id-30\">\n<thead>\n<tr class=\"row-1\">\n\t<th class=\"column-1\">Titre de l'offre d'emploi<\/th><th class=\"column-2\">Date de publication<\/th><th class=\"column-3\">Niveau d'\u00e9tude<\/th><th class=\"column-4\">Date fin d'inscription<\/th><th class=\"column-5\">Voir Detail<\/th>\n<\/tr>\n<\/thead>\n<tbody class=\"row-striping row-hover\">\n<tr class=\"row-2\">\n\t<td class=\"column-1\"><a href=\"https:\/\/anpej.sn\/accueil\/wp-content\/uploads\/2026\/01\/Electromecaniciens.pdf\" target=\"_blank\">Electrom\u00e9caniciens<\/a><\/td><td class=\"column-2\">14\/01\/2026<\/td><td class=\"column-3\">BT ou BTS<br \/>\n5 ann\u00e9es d\u2019exp\u00e9rience dans un poste similaire au sein des soci\u00e9t\u00e9s industriels<br \/>\n<\/td><td class=\"column-4\"><span style=\"color:red\" >21\/01\/2025 <\/span<\/td><td class=\"column-5\"><a href=\"https:\/\/anpej.sn\/accueil\/wp-content\/uploads\/2026\/01\/Electromecaniciens.pdf\" target=\"_blank\">Detail poste<\/a><\/td>\n<\/tr>\n<tr class=\"row-3\">\n\t<td class=\"column-1\"><a href=\"https:\/\/anpej.sn\/accueil\/wp-content\/uploads\/2026\/01\/Fiche-de-poste-operateur-dequipement-agricole-specialise-elevage-et-grandes-cultures-22-10-25-1-1.pdf\" target=\"_blank\">Op\u00e9rateur d\u2019\u00e9quipement agricole sp\u00e9cialis\u00e9 - \u00e9levage et grandes cultures<\/a><\/td><td class=\"column-2\">13\/01\/2026<\/td><td class=\"column-3\">Secondaire<br \/>\nMinimum 1 an d\u2019exp\u00e9rience dans l\u2019exploitation agricole et l\u2019\u00e9levage de volaille<\/td><td class=\"column-4\"><span style=\"color:red\" >24\/01\/2025 <\/span<\/td><td class=\"column-5\"><a href=\"https:\/\/anpej.sn\/accueil\/wp-content\/uploads\/2026\/01\/Fiche-de-poste-operateur-dequipement-agricole-specialise-elevage-et-grandes-cultures-22-10-25-1-1.pdf\" target=\"_blank\">Detail poste<\/a><\/td>\n<\/tr>\n<tr class=\"row-4\">\n\t<td class=\"column-1\"><\/td><td class=\"column-2\"><\/td><td class=\"column-3\"><\/td><td class=\"column-4\"><\/td><td class=\"column-5\"><\/td>\n<\/tr>\n<tr class=\"row-5\">\n\t<td class=\"column-1\"><\/td><td class=\"column-2\"><\/td><td class=\"column-3\"><\/td><td class=\"column-4\"><\/td><td class=\"column-5\"><\/td>\n<\/tr>\n<tr class=\"row-6\">\n\t<td class=\"column-1\"><\/td><td class=\"column-2\"><\/td><td class=\"column-3\"><\/td><td class=\"column-4\"><\/td><td class=\"column-5\"><\/td>\n<\/tr>\n<tr class=\"row-7\">\n\t<td class=\"column-1\"><\/td><td class=\"column-2\"><\/td><td class=\"column-3\"><\/td><td class=\"column-4\"><\/td><td class=\"column-5\"><\/td>\n<\/tr>\n<tr class=\"row-8\">\n\t<td class=\"column-1\"><\/td><td class=\"column-2\"><\/td><td class=\"column-3\"><\/td><td class=\"column-4\"><\/td><td class=\"column-5\"><\/td>\n<\/tr>\n<tr class=\"row-9\">\n\t<td class=\"column-1\"><\/td><td class=\"column-2\"><\/td><td class=\"column-3\"><\/td><td class=\"column-4\"><\/td><td class=\"column-5\"><\/td>\n<\/tr>\n<tr class=\"row-10\">\n\t<td class=\"column-1\"><\/td><td class=\"column-2\"><\/td><td class=\"column-3\"><\/td><td class=\"column-4\"><\/td><td class=\"column-5\"><\/td>\n<\/tr>\n<tr class=\"row-11\">\n\t<td class=\"column-1\"><\/td><td class=\"column-2\"><\/td><td class=\"column-3\"><\/td><td class=\"column-4\"><\/td><td class=\"column-5\"><\/td>\n<\/tr>\n<tr class=\"row-12\">\n\t<td class=\"column-1\"><\/td><td class=\"column-2\"><\/td><td class=\"column-3\"><\/td><td class=\"column-4\"><\/td><td class=\"column-5\"><\/td>\n<\/tr>\n<\/tbody>\n<\/table>\n<!-- #tablepress-30 from cache --><\/div>\n\t\t\t\t\t\t<\/div>\n\t\t\t\t<\/div>\n\t\t\t\t\t<\/div>\n\t\t\t\t<\/div>\n\t\t\t\t<\/div>\n\t\t","protected":false},"excerpt":{"rendered":"<p>Emploi canada Fiche de Poste<\/p>\n","protected":false},"author":1,"featured_media":0,"parent":0,"menu_order":0,"comment_status":"closed","ping_status":"closed","template":"","meta":{"footnotes":""},"class_list":["post-20","page","type-page","status-publish","hentry"],"rttpg_featured_image_url":null,"rttpg_author":{"display_name":"admin","author_link":"https:\/\/anpej.sn\/accueil\/author\/admin\/"},"rttpg_comment":0,"rttpg_category":null,"rttpg_excerpt":"Emploi canada Fiche de Poste","_links":{"self":[{"href":"https:\/\/anpej.sn\/accueil\/wp-json\/wp\/v2\/pages\/20","targetHints":{"allow":["GET"]}}],"collection":[{"href":"https:\/\/anpej.sn\/accueil\/wp-json\/wp\/v2\/pages"}],"about":[{"href":"https:\/\/anpej.sn\/accueil\/wp-json\/wp\/v2\/types\/page"}],"author":[{"embeddable":true,"href":"https:\/\/anpej.sn\/accueil\/wp-json\/wp\/v2\/users\/1"}],"replies":[{"embeddable":true,"href":"https:\/\/anpej.sn\/accueil\/wp-json\/wp\/v2\/comments?post=20"}],"version-history":[{"count":23,"href":"https:\/\/anpej.sn\/accueil\/wp-json\/wp\/v2\/pages\/20\/revisions"}],"predecessor-version":[{"id":16516,"href":"https:\/\/anpej.sn\/accueil\/wp-json\/wp\/v2\/pages\/20\/revisions\/16516"}],"wp:attachment":[{"href":"https:\/\/anpej.sn\/accueil\/wp-json\/wp\/v2\/media?parent=20"}],"curies":[{"name":"wp","href":"https:\/\/api.w.org\/{rel}","templated":true}]}}